(g) = 2*g**3 - 3*g**2 - 2*g - 6. Let l be v(3). Suppose -l*m = -10*m - 60. What are the prime factors of m?
2, 3
Suppose 14210 + 444590 = 80*a. List the prime factors of a.
5, 31, 37
Let m = 2905 - 137. What are the prime factors of m?
2, 173
Let k(x) = x**3 + 9*x**2 - 3*x - 19. Let n be k(-9). Suppose 0 = 4*l + n - 64. Suppose -6*j - 840 = -l*j. List the prime factors of j.
3, 5, 7
Suppose -2*u + 8*u - 18 = 0. Suppose 0 = u*s - 3*k - 274 - 401, -4*s = 4*k - 892. Suppose -5*m + s = -m. List the prime factors of m.
2, 7
Let q(i) = 5*i**2 + 39*i + 273. List the prime factors of q(-25).
2423
Let o(l) = 578*l**2 + 4*l + 2. Let i be o(2). Suppose -93 = -5*s + i. What are the prime factors of s?
3, 7, 23
Suppose 0*j - 140 = -5*j. Suppose 0 = -3*o - 4*c + 383, 1287 = 9*o - 4*c + 218. Let t = o - j. What are the prime factors of t?
3, 31
Suppose 189*x - 5*g - 7529 = 188*x, -2*g + 37672 = 5*x. What are the prime factors of x?
2, 3767
List the prime factors of (-58041)/(-12)*(-128)/112*21/(-18).
6449
Let p(j) = 278*j**2 - 5*j - 277*j**2 - 4 - 11 + 0. List the prime factors of p(10).
5, 7
Let t(m) be the first derivative of -m**4/4 - 11*m**3/3 + 37*m + 144. List the prime factors of t(-13).
3, 5
Suppose 0 = 119*u + 79061 - 473427. List the prime factors of u.
2, 1657
Suppose -16*i + 81 = -495. Let n be 3/(-2) - -1 - 90/i. What are the prime factors of 8/(-12) + (-365)/n?
11
Suppose 464*a - 228*a - 139324 = 232*a. What are the prime factors of a?
61, 571
List the prime factors of (-2600 - -2)*(9/(-18)*-2)/(-2).
3, 433
Let u be (12/(-5))/((-30)/8500). Suppose 0 = -4*l - 4*f + u, 0 = -4*l + 3*l + 5*f + 188. What are the prime factors of l?
173
What are the prime factors of (-5)/(-6) + (-9601192)/(-816)?
7, 41
Suppose -t - 3*o + 8988 = 2358, 4*t + o = 26487. What are the prime factors of t?
3, 2207
Let d(w) = 12117*w - 3801. What are the prime factors of d(3)?
2, 3, 5, 7, 31
Let b = 39372 + -28786. List the prime factors of b.
2, 67, 79
What are the prime factors of (-5624)/266*(-2149)/2*1?
2, 37, 307
Let f be ((-13)/(390/(-36)))/((-3)/(-20)). Suppose -1158 = -5*y + 2*c, -3*y + f*c - 10*c = -682. List the prime factors of y.
2, 5, 23
Suppose -7523 - 57407 = -2*s + 4*l, s - 32432 = -9*l. List the prime factors of s.
7, 4637
Let u(l) = -l - 3*l + 3*l + 58*l**2. Let r(q) = 53*q - 107. Let p be r(2). List the prime factors of u(p).
59
List the prime factors of -2021*(-4)/3*(-6948)/(-1544).
2, 3, 43, 47
Let q be 10*(-6)/(-24)*(-8)/(-10). Suppose q*f + 9 = 419. What are the prime factors of f?
5, 41
Let d = -25357 + 40161. List the prime factors of d.
2, 3701
Suppose 5*p + 61 = 2*i - 1052, -5*i = 4*p - 2799. Suppose 5*h - i = 5*v + 411, 4*v = -4*h + 816. Let r = h - 81. What are the prime factors of r?
2, 59
Let m be (-8)/(-6)*195/26. Suppose 4*p + m*p = 6776. What are the prime factors of p?
2, 11
Let w(x) = 59*x - 1. Let l(r) = -r. Let v(s) = 2*l(s) - 2*w(s). Let d(i) = -1. Let f(a) = -5*d(a) - v(a). List the prime factors of f(1).
3, 41
Let i(k) = -6*k - 3. Let n = -205 + 198. List the prime factors of i(n).
3, 13
Let c(i) = i**3 + 5*i**2 + 5*i. Let n be c(-3). Suppose -g - 5*f + 25 = 6, -n*f = g - 11. What are the prime factors of (83*g)/(-3 - (3 - 5))?
83
Let f(m) = 11*m**2 - 2*m - m + 5*m - 9. Let y(j) = 725*j - 2172. Let v be y(3). List the prime factors of f(v).
2, 3
Let j(w) = -241*w + 39. Let a be j(-21). Suppose -13*b + 17*b = a. List the prime factors of b.
3, 5, 17
Let i = 172 - 173. Let w = 12 + i. List the prime factors of w.
11
Let z be (54/81)/((-6)/(-10053)). Let x = z + -378. What are the prime factors of x?
739
Let i = 152188 - 95739. List the prime factors of i.
19, 2971
Let z = 29 - 28. Let q be -3 + (-66)/(-6) + 1. What are the prime factors of (-593)/(-9) + z/q?
2, 3, 11
Let l = 2787 + -5094. Let r = l + 3541. What are the prime factors of r?
2, 617
Let z = 138 - 135. What are the prime factors of -484*z*5/(-10) - 2?
2, 181
Let q(l) = -l**3 - 50*l**2 + 36*l + 117. What are the prime factors of q(-56)?
3, 5639
Suppose -6*m + 10 = -4*m. Suppose m = -2*w + w. Let n(u) = -5*u - 4. What are the prime factors of n(w)?
3, 7
What are the prime factors of ((-5899)/(-51))/((-1)/(-39))?
13, 347
Let b(p) = -p**3 - 5*p**2 - 8*p - 32. Let j be b(-5). Suppose -4*u = j, -u - 10 = 2*o + 3*u. List the prime factors of (-6 + -4)/(o - 96/(-100)).
2, 5
Let p(l) = 4*l**2 + 125*l - 19. Let a(v) = -2*v**2 - 64*v + 9. Let b(j) = 5*a(j) + 3*p(j). What are the prime factors of b(-31)?
5, 41
Let p be (0/(-27))/(1/(-1)). Suppose 36 = 2*v + 4*f - 1406, p = -5*v + 2*f + 3593. What are the prime factors of v?
719
Let z = 187 + -38. Let f = 298 - z. Let v = 310 - f. What are the prime factors of v?
7, 23
Suppose 881*j = 986*j - 2521890. What are the prime factors of j?
2, 3, 4003
Let r(n) = 39*n + 61. Let p be r(-4). Suppose 2*s = -2*w + 276 + 8, 2*s - 5*w - 263 = 0. Let d = p + s. List the prime factors of d.
2, 11
Suppose 3*p + 41 = j - 0*p, -4*j + 197 = -p. Suppose -w + 4*c = -38 + 10, 0 = -2*w + 2*c + j. List the prime factors of w.
2, 3
Let r be (-5)/10 + (-36819)/(-6). List the prime factors of (r/65)/(2/5).
2, 59
Let n be 6 + -1 - (-2 - -3). Suppose -r - 1 + n = 0. Suppose r*p - 119 = p + 5*d, -4*p - 4*d + 224 = 0. What are the prime factors of p?
3, 19
What are the prime factors of (-2 - 4/((-24)/(-765)))*9936/(-84)?
2, 3, 23, 37
Suppose 14*f - 182 - 607 = 499. Let k = 319 - 161. Let a = k - f. List the prime factors of a.
2, 3, 11
Let h = 23604 - 13251. What are the prime factors of h?
3, 7, 17, 29
Suppose -2*t - 5*c + 3*c = 0, 2*t = -4*c + 2. What are the prime factors of t/(2/(-2 - 548))?
5, 11
Let q(o) = -o**2 + 107*o + 613. What are the prime factors of q(100)?
13, 101
Let p be ((-50)/30)/(1/(-3)). Let l be 11/(-55) + 6/p. List the prime factors of -2 + (l + 1 - -39).
3, 13
Let o = -94 - -103. Let z = -6 + o. Suppose 4*f - n = f + 460, z*f - 452 = -n. What are the prime factors of f?
2, 19
Let q = -211 + 138. Let b = q - -75. Suppose h - 5 + b = 0, -r = -h - 11. What are the prime factors of r?
2, 7
Suppose 0 = 324*z - 304*z - 470200. What are the prime factors of z?
2, 5, 2351
Let w(z) = 19*z - 6*z**2 + 5*z**2 + 6*z - 37. Suppose 115 + 99 = 16*y - 106. What are the prime factors of w(y)?
3, 7
Suppose -5 = -3*l + 4*g, -5 = -2*l + 9*g - 8*g. Suppose d + l*i - 208 = 5*i, 649 = 3*d - i. What are the prime factors of d?
2, 109
Let v = 7163 + 1255. List the prime factors of v.
2, 3, 23, 61
List the prime factors of 56568/8 + (5 - 3 - 10).
7, 1009
Suppose -5*c = -37869 - 27641. What are the prime factors of c?
2, 6551
Let r(a) = 134*a**2 - 38*a + 257. List the prime factors of r(9).
11, 89
Suppose 9 = -3*t, 39*y - 38*y - 56783 = 4*t. List the prime factors of y.
11, 13, 397
Let l be 1630/6 - 2/(-6). Let n(f) = 12*f + 55. Let z be n(-20). Let r = z + l. List the prime factors of r.
3, 29
Suppose -r + 13 = 5*x, -3*x + 15 = -4*r + r. Suppose -f + 10 = x*b - 5, 17 = 5*b - f. What are the prime factors of (-11)/(198/(-768)) - b/6?
2, 3, 7
Let n(t) = 22*t**2 - 19*t + 71. Let p be 108/36 - (-1 - 1). List the prime factors of n(p).
2, 263
Suppose 33 - 41 = 4*c. Let f be ((-40)/10)/(c/(-59)). Let r = 31 - f. What are the prime factors of r?
149
Let k = -4737 - -31725. List the prime factors of k.
2, 3, 13, 173
Suppose 0 = -4*h - 3*r + 125542, 5*h + 620*r = 621*r + 156937. What are the prime factors of h?
31387
Suppose -175802 - 1654703 = -42*s - 94393. What are the prime factors of s?
2, 5167
Let l(h) = -h**2 + 12*h - 27. Let m be l(5). Let b(q) = -q**3 + 8*q**2 - 5*q + 5. Let s be b(m). List the prime factors of (-28)/s - (-456)/5.
2, 23
Suppose -5*r - 1 = -21. Suppose 5*n + 3596 = 4*m, -r*m - 4*n = -m - 2666. List the prime factors of m.
2, 3, 149
Let s = -5213 + 20128. List the prime factors of ((-20)/(-24))/(-5) + s/30.
7, 71
Let l be (-46)/(-253) - 145/11. Let w(r) = 8*r**2 - 2*r**2 - 3*r**2 + 31*r. List the prime factors of w(l).
2, 13
Suppose -5*k - 74040 = -12*k + k. What are the prime factors of k?
2, 5, 617
Let w = -20412 + 30518. List the prime factors of w.
2, 31, 163
Suppose 818 = -15*g + 16*g. Let h = g - 552. What are the prime factors of h?
2, 7, 19
Let p be -103*(0 + 1) - -1. Let l(w) = -47*w + 233. Let r be l(5). List the prime factors of ((-1)/r)/((-3